{"id":5295,"date":"2022-07-19T13:57:59","date_gmt":"2022-07-19T13:57:59","guid":{"rendered":"https:\/\/eldienteroto.org\/wp49\/?page_id=5295"},"modified":"2023-12-18T19:59:30","modified_gmt":"2023-12-18T19:59:30","slug":"hasta-1800","status":"publish","type":"page","link":"https:\/\/eldienteroto.org\/wp49\/hasta-1800\/","title":{"rendered":"Hasta 1800"},"content":{"rendered":"<h4 class=\"clearfix\">1528<\/h4>\n<p>Jorge de Herrera: poema sobre Cubagua<\/p>\n<h4>1750<\/h4>\n<p>Nace <a href=\"https:\/\/eldienteroto.org\/wp49\/francisco-miranda\/\" target=\"_blank\" rel=\"noopener\">Francisco de Miranda<\/a> (28 de marzo)<\/p>\n<h4>1765<\/h4>\n<p>Nace Mar\u00eda Josepha de los \u00c1ngeles<\/p>\n<h4>1771<\/h4>\n<p>Francisco de Miranda inicia la redacci\u00f3n de sus diarios<\/p>\n<h4>1781<\/h4>\n<p>Nace <a href=\"https:\/\/eldienteroto.org\/wp49\/andres-bello\/\" target=\"_blank\" rel=\"noopener\">Andr\u00e9s Bello<\/a> (29 de noviembre)<\/p>\n","protected":false},"excerpt":{"rendered":"<p>1528 Jorge de Herrera: poema sobre Cubagua 1750 Nace Francisco de Miranda (28 de marzo) 1765 Nace Mar\u00eda Josepha de los \u00c1ngeles 1771 Francisco de Miranda inicia la redacci\u00f3n de sus diarios 1781 Nace Andr\u00e9s Bello (29 de noviembre)<\/p>\n","protected":false},"author":6,"featured_media":0,"parent":0,"menu_order":0,"comment_status":"closed","ping_status":"closed","template":"","meta":{"_monsterinsights_skip_tracking":false,"_monsterinsights_sitenote_active":false,"_monsterinsights_sitenote_note":"","_monsterinsights_sitenote_category":0,"footnotes":""},"_links":{"self":[{"href":"https:\/\/eldienteroto.org\/wp49\/wp-json\/wp\/v2\/pages\/5295"}],"collection":[{"href":"https:\/\/eldienteroto.org\/wp49\/wp-json\/wp\/v2\/pages"}],"about":[{"href":"https:\/\/eldienteroto.org\/wp49\/wp-json\/wp\/v2\/types\/page"}],"author":[{"embeddable":true,"href":"https:\/\/eldienteroto.org\/wp49\/wp-json\/wp\/v2\/users\/6"}],"replies":[{"embeddable":true,"href":"https:\/\/eldienteroto.org\/wp49\/wp-json\/wp\/v2\/comments?post=5295"}],"version-history":[{"count":5,"href":"https:\/\/eldienteroto.org\/wp49\/wp-json\/wp\/v2\/pages\/5295\/revisions"}],"predecessor-version":[{"id":10095,"href":"https:\/\/eldienteroto.org\/wp49\/wp-json\/wp\/v2\/pages\/5295\/revisions\/10095"}],"wp:attachment":[{"href":"https:\/\/eldienteroto.org\/wp49\/wp-json\/wp\/v2\/media?parent=5295"}],"curies":[{"name":"wp","href":"https:\/\/api.w.org\/{rel}","templated":true}]}}