{"id":2427,"date":"2021-11-16T22:45:43","date_gmt":"2021-11-16T22:45:43","guid":{"rendered":"https:\/\/eldienteroto.org\/wp49\/?page_id=2427"},"modified":"2024-12-17T13:36:01","modified_gmt":"2024-12-17T18:06:01","slug":"q","status":"publish","type":"page","link":"https:\/\/eldienteroto.org\/wp49\/q\/","title":{"rendered":"Q"},"content":{"rendered":"\n<p><a href=\"https:\/\/eldienteroto.org\/wp49\/pedro-querales\/\" target=\"_blank\" rel=\"noopener\">Querales, Pedro<\/a><\/p>\n\n\n\n<p><a rel=\"noopener\" href=\"https:\/\/eldienteroto.org\/wp49\/ramon-querales\/\" target=\"_blank\">Querales, Ram\u00f3n<\/a><\/p>\n\n\n\n<p><a href=\"https:\/\/eldienteroto.org\/wp49\/angel-miguel-queremel\/\" target=\"_blank\" rel=\"noreferrer noopener\">Queremel, \u00c1ngel Miguel<\/a><\/p>\n\n\n\n<p><a href=\"https:\/\/eldienteroto.org\/wp49\/milton-quero-arevalo\/\" target=\"_blank\" rel=\"noopener\">Quero Ar\u00e9valo, Milton<\/a><\/p>\n\n\n\n<p><a href=\"https:\/\/eldienteroto.org\/wp49\/ednodio-quintero\/\" target=\"_blank\" rel=\"noopener\">Quintero, Ednodio<\/a><\/p>\n\n\n\n<p><a href=\"https:\/\/eldienteroto.org\/wp49\/rodolfo-quintero-noguera\/\" target=\"_blank\" rel=\"noopener\">Quintero-Noguera, Rodolfo<\/a><\/p>\n\n\n\n<p><a href=\"https:\/\/eldienteroto.org\/wp49\/sergio-quitral\/\" target=\"_blank\" rel=\"noopener\">Quitral, Sergio<\/a><\/p>\n","protected":false},"excerpt":{"rendered":"<p>Querales, Pedro Querales, Ram\u00f3n Queremel, \u00c1ngel Miguel Quero Ar\u00e9valo, Milton Quintero, Ednodio Quintero-Noguera, Rodolfo Quitral, Sergio<\/p>\n","protected":false},"author":6,"featured_media":0,"parent":0,"menu_order":0,"comment_status":"closed","ping_status":"closed","template":"","meta":{"_monsterinsights_skip_tracking":false,"_monsterinsights_sitenote_active":false,"_monsterinsights_sitenote_note":"","_monsterinsights_sitenote_category":0,"footnotes":""},"_links":{"self":[{"href":"https:\/\/eldienteroto.org\/wp49\/wp-json\/wp\/v2\/pages\/2427"}],"collection":[{"href":"https:\/\/eldienteroto.org\/wp49\/wp-json\/wp\/v2\/pages"}],"about":[{"href":"https:\/\/eldienteroto.org\/wp49\/wp-json\/wp\/v2\/types\/page"}],"author":[{"embeddable":true,"href":"https:\/\/eldienteroto.org\/wp49\/wp-json\/wp\/v2\/users\/6"}],"replies":[{"embeddable":true,"href":"https:\/\/eldienteroto.org\/wp49\/wp-json\/wp\/v2\/comments?post=2427"}],"version-history":[{"count":8,"href":"https:\/\/eldienteroto.org\/wp49\/wp-json\/wp\/v2\/pages\/2427\/revisions"}],"predecessor-version":[{"id":14479,"href":"https:\/\/eldienteroto.org\/wp49\/wp-json\/wp\/v2\/pages\/2427\/revisions\/14479"}],"wp:attachment":[{"href":"https:\/\/eldienteroto.org\/wp49\/wp-json\/wp\/v2\/media?parent=2427"}],"curies":[{"name":"wp","href":"https:\/\/api.w.org\/{rel}","templated":true}]}}