{"id":2216,"date":"2021-11-03T21:14:35","date_gmt":"2021-11-03T21:14:35","guid":{"rendered":"https:\/\/eldienteroto.org\/wp49\/?page_id=2216"},"modified":"2025-11-21T15:48:45","modified_gmt":"2025-11-21T20:18:45","slug":"e","status":"publish","type":"page","link":"https:\/\/eldienteroto.org\/wp49\/e\/","title":{"rendered":"E"},"content":{"rendered":"\n<p><a href=\"https:\/\/eldienteroto.org\/wp49\/roberto-echeto\/\" target=\"_blank\" rel=\"noopener\">Echeto, Roberto<\/a><\/p>\n\n\n\n<p><a href=\"https:\/\/eldienteroto.org\/wp49\/edades-perdidas\/\" target=\"_blank\" rel=\"noopener\">Edades perdidas<\/a><\/p>\n\n\n\n<p><a href=\"https:\/\/eldienteroto.org\/wp49\/ellas\/\" target=\"_blank\" rel=\"noopener\">Ellas<\/a><\/p>\n\n\n\n<p><a rel=\"noopener\" href=\"https:\/\/eldienteroto.org\/wp49\/defensa-propia\/\" target=\"_blank\">En defensa propia<\/a><\/p>\n\n\n\n<p><a href=\"https:\/\/eldienteroto.org\/wp49\/en-el-descampado\/\" target=\"_blank\" rel=\"noreferrer noopener\">En el descampado<\/a><\/p>\n\n\n\n<p><a rel=\"noopener\" href=\"https:\/\/eldienteroto.org\/wp49\/en-este-pais\/\" target=\"_blank\">En este pa\u00eds<\/a><\/p>\n\n\n\n<p><a href=\"https:\/\/eldienteroto.org\/wp49\/en-la-casa-de-pez-que-escupe-agua\/\" target=\"_blank\" rel=\"noreferrer noopener\">En la casa del pez que escupe agua<\/a><\/p>\n\n\n\n<p><a href=\"https:\/\/eldienteroto.org\/wp49\/en-medio-del-blanco\/\" target=\"_blank\" rel=\"noopener\">En medio del blanco<\/a><\/p>\n\n\n\n<p><a rel=\"noopener\" href=\"https:\/\/eldienteroto.org\/wp49\/favores-recibidos\/\" target=\"_blank\">En virtud de los favores recibidos<\/a><\/p>\n\n\n\n<p><a href=\"https:\/\/eldienteroto.org\/wp49\/entre-las-brenas\/\" target=\"_blank\" rel=\"noreferrer noopener\">Entre las bre\u00f1as<\/a><\/p>\n\n\n\n<p><a href=\"https:\/\/eldienteroto.org\/wp49\/jose-antonio-escalona-escalona\/\" target=\"_blank\" rel=\"noopener\">Escalona-Escalona, Jos\u00e9 Antonio<\/a><\/p>\n\n\n\n<p><a rel=\"noopener\" href=\"https:\/\/eldienteroto.org\/wp49\/mariajose-escobar\/\" target=\"_blank\">Escobar, Mariajos\u00e9<\/a><\/p>\n\n\n\n<p><a href=\"https:\/\/eldienteroto.org\/wp49\/ese-oscuro-animal-del-sueno\/\" target=\"_blank\" rel=\"noreferrer noopener\">Ese oscuro animal del sue\u00f1o<\/a><\/p>\n\n\n\n<p><a href=\"https:\/\/eldienteroto.org\/wp49\/la-espera-imposible\/\" target=\"_blank\" rel=\"noreferrer noopener\">espera imposible, La<\/a><\/p>\n\n\n\n<p><a rel=\"noopener\" href=\"https:\/\/eldienteroto.org\/wp49\/espiga-plateada\/\" target=\"_blank\">Espiga plateada, la<\/a><\/p>\n\n\n\n<p><a href=\"https:\/\/eldienteroto.org\/wp49\/hector-espinoza\/\" target=\"_blank\" rel=\"noreferrer noopener\">Espinoza, H\u00e9ctor<\/a><\/p>\n\n\n\n<p><a href=\"https:\/\/eldienteroto.org\/wp49\/errancias\/\" target=\"_blank\" rel=\"noopener\">Errancias<\/a><\/p>\n\n\n\n<p><a rel=\"noopener\" href=\"https:\/\/eldienteroto.org\/wp49\/esquina-de-la-mesa-hechizada\/\" target=\"_blank\">Esquina de la mesa hechizada<\/a><\/p>\n\n\n\n<p><a href=\"https:\/\/eldienteroto.org\/wp49\/juan-carlos-eurea\/\" target=\"_blank\" rel=\"noreferrer noopener\">Eurea, Juan Carlos<\/a><\/p>\n\n\n\n<p><a rel=\"noopener\" href=\"https:\/\/eldienteroto.org\/wp49\/el-exilio-del-tiempo\/\" target=\"_blank\">exilio del tiempo, El<\/a><\/p>\n\n\n\n<p><a rel=\"noreferrer noopener\" href=\"https:\/\/eldienteroto.org\/wp49\/exodo\/\" target=\"_blank\">\u00c9xodo<\/a><\/p>\n\n\n\n<p><a href=\"https:\/\/eldienteroto.org\/wp49\/experimento-a-un-perfecto-extrano\/\" target=\"_blank\" rel=\"noreferrer noopener\">Experimento a un perfecto extra\u00f1o<\/a><\/p>\n","protected":false},"excerpt":{"rendered":"<p>Echeto, Roberto Edades perdidas Ellas En defensa propia En el descampado En este pa\u00eds En la casa del pez que escupe agua En medio del blanco En virtud de los favores recibidos Entre las bre\u00f1as Escalona-Escalona, Jos\u00e9 Antonio Escobar, Mariajos\u00e9 Ese oscuro animal del sue\u00f1o espera imposible, La Espiga plateada, la Espinoza, H\u00e9ctor Errancias Esquina [&hellip;]<\/p>\n","protected":false},"author":6,"featured_media":0,"parent":0,"menu_order":0,"comment_status":"closed","ping_status":"closed","template":"","meta":{"_monsterinsights_skip_tracking":false,"_monsterinsights_sitenote_active":false,"_monsterinsights_sitenote_note":"","_monsterinsights_sitenote_category":0,"footnotes":""},"_links":{"self":[{"href":"https:\/\/eldienteroto.org\/wp49\/wp-json\/wp\/v2\/pages\/2216"}],"collection":[{"href":"https:\/\/eldienteroto.org\/wp49\/wp-json\/wp\/v2\/pages"}],"about":[{"href":"https:\/\/eldienteroto.org\/wp49\/wp-json\/wp\/v2\/types\/page"}],"author":[{"embeddable":true,"href":"https:\/\/eldienteroto.org\/wp49\/wp-json\/wp\/v2\/users\/6"}],"replies":[{"embeddable":true,"href":"https:\/\/eldienteroto.org\/wp49\/wp-json\/wp\/v2\/comments?post=2216"}],"version-history":[{"count":23,"href":"https:\/\/eldienteroto.org\/wp49\/wp-json\/wp\/v2\/pages\/2216\/revisions"}],"predecessor-version":[{"id":17888,"href":"https:\/\/eldienteroto.org\/wp49\/wp-json\/wp\/v2\/pages\/2216\/revisions\/17888"}],"wp:attachment":[{"href":"https:\/\/eldienteroto.org\/wp49\/wp-json\/wp\/v2\/media?parent=2216"}],"curies":[{"name":"wp","href":"https:\/\/api.w.org\/{rel}","templated":true}]}}