{"id":1616,"date":"2021-09-30T21:20:57","date_gmt":"2021-09-30T21:20:57","guid":{"rendered":"https:\/\/eldienteroto.org\/wp49\/?page_id=1616"},"modified":"2025-11-08T16:42:39","modified_gmt":"2025-11-08T21:12:39","slug":"c","status":"publish","type":"page","link":"https:\/\/eldienteroto.org\/wp49\/c\/","title":{"rendered":"C"},"content":{"rendered":"\n<p><a rel=\"noopener\" href=\"https:\/\/eldienteroto.org\/wp49\/el-cabito\/\" target=\"_blank\">Cabito, El<\/a><\/p>\n\n\n\n<p><a href=\"https:\/\/eldienteroto.org\/wp49\/rafael-cabrera-malo\/\" target=\"_blank\" rel=\"noreferrer noopener\">Cabrera Malo, Rafael<\/a><\/p>\n\n\n\n<p><a rel=\"noopener\" href=\"https:\/\/eldienteroto.org\/wp49\/jose-ignacio-cabrujas\/\" target=\"_blank\">Cabrujas, Jos\u00e9 Ignacio<\/a><\/p>\n\n\n\n<p><a href=\"https:\/\/eldienteroto.org\/wp49\/los-caciques-heroicos\/\" target=\"_blank\" rel=\"noreferrer noopener\">caciques heroicos, Los<\/a><\/p>\n\n\n\n<p><a rel=\"noopener\" href=\"https:\/\/eldienteroto.org\/wp49\/rafael-cadenas\/\" target=\"_blank\">Cadenas, Rafael<\/a><\/p>\n\n\n\n<p><a href=\"https:\/\/eldienteroto.org\/wp49\/beatriz-calcano\/\" target=\"_blank\" rel=\"noreferrer noopener\">Calca\u00f1o, Beatriz<\/a><\/p>\n\n\n\n<p><a href=\"https:\/\/eldienteroto.org\/wp49\/eduardo-calcano\/\" target=\"_blank\" rel=\"noreferrer noopener\">Calca\u00f1o, Eduardo<\/a><\/p>\n\n\n\n<p><a href=\"https:\/\/eldienteroto.org\/wp49\/julio-calcano\/\" target=\"_blank\" rel=\"noopener\">Calca\u00f1o, Julio<\/a><\/p>\n\n\n\n<p><a rel=\"noopener\" href=\"https:\/\/eldienteroto.org\/wp49\/maria-calcano\/\" target=\"_blank\">Calca\u00f1o, Mar\u00eda<\/a><\/p>\n\n\n\n<p><a href=\"https:\/\/eldienteroto.org\/wp49\/hector-anibal-caldera\/\" target=\"_blank\" rel=\"noreferrer noopener\">Caldera, H\u00e9ctor An\u00edbal<\/a><\/p>\n\n\n\n<p><a href=\"https:\/\/eldienteroto.org\/wp49\/niddy-calderon\/\" target=\"_blank\" rel=\"noopener\">Calder\u00f3n, Niddy<\/a><\/p>\n\n\n\n<p><a href=\"https:\/\/eldienteroto.org\/wp49\/calletania\/\" target=\"_blank\" rel=\"noopener\">Calletania<\/a><\/p>\n\n\n\n<p><a href=\"https:\/\/eldienteroto.org\/wp49\/juan-calzadilla\/\" target=\"_blank\" rel=\"noopener\">Calzadilla, Juan<\/a><\/p>\n\n\n\n<p><a href=\"https:\/\/eldienteroto.org\/wp49\/pedro-calzadilla\/\">Calzadilla, Pedro<\/a><\/p>\n\n\n\n<p><a href=\"https:\/\/eldienteroto.org\/wp49\/juan-vicente-camacho\/\" target=\"_blank\" rel=\"noopener\">Camacho, Juan Vicente<\/a><\/p>\n\n\n\n<p><a rel=\"noopener\" href=\"https:\/\/eldienteroto.org\/wp49\/camino-dorado\/\" target=\"_blank\">camino de El Dorado, El<\/a><\/p>\n\n\n\n<p><a rel=\"noreferrer noopener\" href=\"https:\/\/eldienteroto.org\/wp49\/campeones-libro\/\" target=\"_blank\">Campeones<\/a><\/p>\n\n\n\n<p><a href=\"https:\/\/eldienteroto.org\/wp49\/miguel-angel-campos\/\" target=\"_blank\" rel=\"noreferrer noopener\">Campos, <a href=\"https:\/\/eldienteroto.org\/wp49\/miguel-angel-campos\/\">Miguel \u00c1ngel <\/a><\/a><\/p>\n\n\n\n<p><a rel=\"noopener\" href=\"https:\/\/eldienteroto.org\/wp49\/canaima\/\" target=\"_blank\">Canaima<\/a><\/p>\n\n\n\n<p><a rel=\"noopener\" href=\"https:\/\/eldienteroto.org\/wp49\/candilejas\/\" target=\"_blank\">Candilejas<\/a><\/p>\n\n\n\n<p><a href=\"https:\/\/eldienteroto.org\/wp49\/canta-pirulero\/\" target=\"_blank\" rel=\"noopener\">Canta Pirulero<\/a><\/p>\n\n\n\n<p><a rel=\"noopener\" href=\"https:\/\/eldienteroto.org\/wp49\/cantaclaro\/\" target=\"_blank\">Cantaclaro<\/a><\/p>\n\n\n\n<p><a href=\"https:\/\/eldienteroto.org\/wp49\/cantos-de-la-prision-y-del-destierro\/\" target=\"_blank\" rel=\"noreferrer noopener\">Cantos de la prisi\u00f3n y del destierro<\/a><\/p>\n\n\n\n<p><a rel=\"noreferrer noopener\" href=\"https:\/\/eldienteroto.org\/wp49\/cantos-de-mi-majano\/\" target=\"_blank\">Cantos de mi majano<\/a><\/p>\n\n\n\n<p><a href=\"https:\/\/eldienteroto.org\/wp49\/cantos-paganos\/\" target=\"_blank\" rel=\"noreferrer noopener\">Cantos paganos<\/a><\/p>\n\n\n\n<p><a href=\"https:\/\/eldienteroto.org\/wp49\/axel-capriles\/\" target=\"_blank\" rel=\"noreferrer noopener\">Capriles, Axel<\/a><\/p>\n\n\n\n<p><a rel=\"noopener\" href=\"https:\/\/eldienteroto.org\/wp49\/caracas-fisica-y-espiritual\/\" target=\"_blank\">Caracas f\u00edsica y espiritual<\/a><\/p>\n\n\n\n<p><a rel=\"noreferrer noopener\" href=\"https:\/\/eldienteroto.org\/wp49\/caracas-muerde-seleccion\/\" target=\"_blank\">Caracas muerde<\/a><\/p>\n\n\n\n<p><a href=\"https:\/\/eldienteroto.org\/wp49\/horacio-cardenas-becerra\/\" target=\"_blank\" rel=\"noreferrer noopener\">C\u00e1rdenas Becerra, Horacio<\/a><\/p>\n\n\n\n<p><a href=\"https:\/\/eldienteroto.org\/wp49\/reinaldo-cardoza\/\" target=\"_blank\" rel=\"noreferrer noopener\">Cardoza, Reinaldo<\/a><\/p>\n\n\n\n<p><a href=\"https:\/\/eldienteroto.org\/wp49\/lubio-cardozo\/\" target=\"_blank\" rel=\"noopener\">Cardozo, Lubio<\/a><\/p>\n\n\n\n<p><a href=\"https:\/\/eldienteroto.org\/wp49\/moises-cardenas\/\" target=\"_blank\" rel=\"noopener\">Cardenas, Mois\u00e9s<\/a><\/p>\n\n\n\n<p><a rel=\"noopener\" href=\"https:\/\/eldienteroto.org\/wp49\/gustavo-luis-carrera\/\" target=\"_blank\">Carrera, Gustavo Luis<\/a><\/p>\n\n\n\n<p><a href=\"https:\/\/eldienteroto.org\/wp49\/la-carretera-giros-de-mi-helice\/\" target=\"_blank\" rel=\"noreferrer noopener\">carretera, La<\/a><\/p>\n\n\n\n<p><a href=\"https:\/\/eldienteroto.org\/wp49\/cartas-renuncia\/\" target=\"_blank\" rel=\"noopener\">Cartas de renuncia<\/a><\/p>\n\n\n\n<p><a rel=\"noopener\" href=\"https:\/\/eldienteroto.org\/wp49\/carmen-virginia-carrillo\/\" target=\"_blank\">Carrillo, Carmen Virginia<\/a><\/p>\n\n\n\n<p><a href=\"https:\/\/eldienteroto.org\/wp49\/morita-carrillo\/\">Carrillo, Morita<\/a><\/p>\n\n\n\n<p><a href=\"https:\/\/eldienteroto.org\/wp49\/casa-abila\/\" target=\"_blank\" rel=\"noreferrer noopener\">casa de los Abila, La<\/a><\/p>\n\n\n\n<p><a rel=\"noopener\" href=\"https:\/\/eldienteroto.org\/wp49\/casa-o-lobo\/\" target=\"_blank\">Casa o lobo<\/a><\/p>\n\n\n\n<p><a href=\"https:\/\/eldienteroto.org\/wp49\/casas-muertas\/\" target=\"_blank\" rel=\"noopener\">Casas muertas<\/a><\/p>\n\n\n\n<p><a href=\"https:\/\/eldienteroto.org\/wp49\/eduardo-casanova-sucre\/\" target=\"_blank\" rel=\"noopener\">Casanova Sucre, Eduardo<\/a><\/p>\n\n\n\n<p><a href=\"https:\/\/eldienteroto.org\/wp49\/gelindo-casasola\/\" target=\"_blank\" rel=\"noopener\">Casasola, Gelindo<\/a><\/p>\n\n\n\n<p><a rel=\"noopener\" href=\"https:\/\/eldienteroto.org\/wp49\/rr-castellanos\/\" target=\"_blank\">Castellanos, Rafael Ram\u00f3n<\/a><\/p>\n\n\n\n<p><a rel=\"noreferrer noopener\" href=\"https:\/\/eldienteroto.org\/wp49\/maria-auxiliadora-castillo\/\" target=\"_blank\">Castillo, Mar\u00eda Auxiliadora<\/a><\/p>\n\n\n\n<p><a href=\"https:\/\/eldienteroto.org\/wp49\/sophia-castillo\/\" target=\"_blank\" rel=\"noreferrer noopener\">Castillo, Sophia<\/a><\/p>\n\n\n\n<p><a href=\"https:\/\/eldienteroto.org\/wp49\/freddy-castillo-castellanos\/\" target=\"_blank\" rel=\"noreferrer noopener\">Castillo Castellanos, Freddy<\/a><\/p>\n\n\n\n<p><a href=\"https:\/\/eldienteroto.org\/wp49\/el-castillo-de-elsinor\/\" target=\"_blank\" rel=\"noopener\">Castillo de Elsinor, el<\/a><\/p>\n\n\n\n<p><a rel=\"noopener\" href=\"https:\/\/eldienteroto.org\/wp49\/rafael-castillo-zapata\/\" target=\"_blank\">Castillo Zapata, Rafael<\/a><\/p>\n\n\n\n<p><a href=\"https:\/\/eldienteroto.org\/wp49\/katherine-castrillo\/\">Castrillo, Katherine<\/a><\/p>\n\n\n\n<p><a href=\"https:\/\/eldienteroto.org\/wp49\/israel-centeno\/\" target=\"_blank\" rel=\"noopener\">Centeno, Israel<\/a><\/p>\n\n\n\n<p><a href=\"https:\/\/eldienteroto.org\/wp49\/daniel-centeno-maldonado-una-semblanza-de-su-vida\/\" target=\"_blank\" rel=\"noopener\">Centeno Maldonado, Daniel<\/a><\/p>\n\n\n\n<p><a href=\"https:\/\/eldienteroto.org\/wp49\/cesarismo-democratico\/\" target=\"_blank\" rel=\"noopener\">Cesarismo democr\u00e1tico<\/a><\/p>\n\n\n\n<p><a rel=\"noopener\" href=\"https:\/\/eldienteroto.org\/wp49\/roman-chalbaud\/\" target=\"_blank\">Chalbaud, Rom\u00e1n<\/a><\/p>\n\n\n\n<p><a href=\"https:\/\/eldienteroto.org\/wp49\/el-chaman-de-los-cunaguaros\/\" target=\"_blank\" rel=\"noreferrer noopener\">cham\u00e1n de los cunaguaros, El<\/a><\/p>\n\n\n\n<p><a rel=\"noopener\" href=\"https:\/\/eldienteroto.org\/wp49\/adrian-chauran\/\" target=\"_blank\">Chaur\u00e1n, Adri\u00e1n<\/a><\/p>\n\n\n\n<p><a rel=\"noreferrer noopener\" href=\"https:\/\/eldienteroto.org\/wp49\/nelson-enrique-chavez-herrera\/\" target=\"_blank\">Ch\u00e1vez, Nelson<\/a><\/p>\n\n\n\n<p><a href=\"https:\/\/eldienteroto.org\/wp49\/luis-chesney-lawrence\/\" target=\"_blank\" rel=\"noreferrer noopener\">Chesney, Luis<\/a><\/p>\n\n\n\n<p><a href=\"https:\/\/eldienteroto.org\/wp49\/domenico-chiappe\/\" target=\"_blank\" rel=\"noreferrer noopener\">Chiappe, Dom\u00e9nico<\/a><\/p>\n\n\n\n<p><a rel=\"noopener\" href=\"https:\/\/eldienteroto.org\/wp49\/cesar-chirinos\/\" target=\"_blank\">Chirinos, C\u00e9sar<\/a><\/p>\n\n\n\n<p><a href=\"https:\/\/eldienteroto.org\/wp49\/juan-carlos-chirinos\/\" target=\"_blank\" rel=\"noreferrer noopener\">Chirinos, Juan Carlos<\/a><\/p>\n\n\n\n<p><a rel=\"noopener\" href=\"https:\/\/eldienteroto.org\/wp49\/orlando-chirinos\/\" target=\"_blank\">Chirinos, Orlando<\/a><\/p>\n\n\n\n<p><a href=\"https:\/\/eldienteroto.org\/wp49\/isaac-chocron\/\" target=\"_blank\" rel=\"noopener\">Chocr\u00f3n, Isaac<\/a><\/p>\n\n\n\n<p><a rel=\"noopener\" href=\"https:\/\/eldienteroto.org\/wp49\/sonia-chocron\/\" target=\"_blank\">Chocr\u00f3n, Sonia<\/a><\/p>\n\n\n\n<p><a rel=\"noreferrer noopener\" href=\"https:\/\/eldienteroto.org\/wp49\/natalia-chourio\/\" target=\"_blank\">Chourio, Natalia<\/a><\/p>\n\n\n\n<p><a href=\"https:\/\/eldienteroto.org\/wp49\/chuo-gil-y-las-tejedoras-2\/\" target=\"_blank\" rel=\"noreferrer noopener\">Ch\u00fao Gil y las tejedoras<\/a><\/p>\n\n\n\n<p><a rel=\"noreferrer noopener\" href=\"https:\/\/eldienteroto.org\/wp49\/inti-clark-boscan\/\" target=\"_blank\">Clark, Inti<\/a><\/p>\n\n\n\n<p><a href=\"https:\/\/eldienteroto.org\/wp49\/carmen-clemente-travieso\/\" target=\"_blank\" rel=\"noreferrer noopener\">Clemente Travieso, Carmen<\/a><\/p>\n\n\n\n<p><a rel=\"noopener\" href=\"https:\/\/eldienteroto.org\/wp49\/pedro-emilio-coll\/\" target=\"_blank\">Coll,&nbsp;Pedro Emilio<\/a><\/p>\n\n\n\n<p><a href=\"https:\/\/eldienteroto.org\/wp49\/colores-planos\/\" target=\"_blank\" rel=\"noreferrer noopener\">Colores planos<\/a><\/p>\n\n\n\n<p><a href=\"https:\/\/eldienteroto.org\/wp49\/companero-de-viaje\/\" target=\"_blank\" rel=\"noopener\">Compa\u00f1ero de viaje<\/a><\/p>\n\n\n\n<p><a href=\"https:\/\/eldienteroto.org\/wp49\/comprension-de-venezuela\/\" target=\"_blank\" rel=\"noopener\">Comprensi\u00f3n de Venezuela<\/a><\/p>\n\n\n\n<p><a rel=\"noopener\" href=\"https:\/\/eldienteroto.org\/wp49\/agua-en-la-piel\/\" target=\"_blank\">Con agua en la piel<\/a><\/p>\n\n\n\n<p><a rel=\"noreferrer noopener\" href=\"https:\/\/eldienteroto.org\/wp49\/confidencias-de-psiquis\/\" target=\"_blank\">Confidencias de Psiquis<\/a><\/p>\n\n\n\n<p><a rel=\"noreferrer noopener\" href=\"https:\/\/eldienteroto.org\/wp49\/con-ganas-de-ser-piedra\/\" target=\"_blank\">Con ganas de ser piedra<\/a><\/p>\n\n\n\n<p><a href=\"https:\/\/eldienteroto.org\/wp49\/simon-alberto-consalvi\/\" target=\"_blank\" rel=\"noreferrer noopener\">Consalvi, Sim\u00f3n Alberto<\/a><\/p>\n\n\n\n<p><a href=\"https:\/\/eldienteroto.org\/wp49\/contigo-en-la-distancia\/\" target=\"_blank\" rel=\"noopener\">Contigo en la distancia<\/a><\/p>\n\n\n\n<p><a href=\"https:\/\/eldienteroto.org\/wp49\/otoniel-contreras\/\" target=\"_blank\" rel=\"noopener\">Contreras, Otoniel<\/a><\/p>\n\n\n\n<p><a href=\"https:\/\/eldienteroto.org\/wp49\/el-contraescritor\/\" target=\"_blank\" rel=\"noopener\">Contraescritor, el<\/a><\/p>\n\n\n\n<p><a href=\"https:\/\/eldienteroto.org\/wp49\/el-corazon-del-otro\/\" target=\"_blank\" rel=\"noopener\">Coraz\u00f3n del otro, el<\/a><\/p>\n\n\n\n<p><a rel=\"noopener\" href=\"https:\/\/eldienteroto.org\/wp49\/mariela-cordero\/\" target=\"_blank\">Cordero, Mariela<\/a><\/p>\n\n\n\n<p><a href=\"https:\/\/eldienteroto.org\/wp49\/alfredo-coronil-hartmann\/\" target=\"_blank\" rel=\"noreferrer noopener\">Coronil Hartmann, Alfredo<\/a><\/p>\n\n\n\n<p><a rel=\"noopener\" href=\"https:\/\/eldienteroto.org\/wp49\/corrector-de-estilo\/\" target=\"_blank\">Corrector de estilo<\/a><\/p>\n\n\n\n<p><a href=\"https:\/\/eldienteroto.org\/wp49\/olga-cortez-barbera\/\" target=\"_blank\" rel=\"noreferrer noopener\">Cortez Barbera, Olga<\/a><\/p>\n\n\n\n<p><a rel=\"noreferrer noopener\" href=\"https:\/\/eldienteroto.org\/wp49\/cosas-sabidas-y-cosas-por-saberse\/\" target=\"_blank\">Cosas sabidas y cosas por saberse<\/a><\/p>\n\n\n\n<p><a rel=\"noreferrer noopener\" href=\"https:\/\/eldienteroto.org\/wp49\/costuras-de-familia\/\" target=\"_blank\">Costuras de familia<\/a><\/p>\n\n\n\n<p><a href=\"https:\/\/eldienteroto.org\/wp49\/andrea-sofia-crespo-madrid\/\" target=\"_blank\" rel=\"noreferrer noopener\">Crespo Madrid, Andrea Sof\u00eda<\/a><\/p>\n\n\n\n<p><a rel=\"noopener\" href=\"https:\/\/eldienteroto.org\/wp49\/luis-alberto-crespo\/\" target=\"_blank\">Crespo, Luis Alberto<\/a><\/p>\n\n\n\n<p><a href=\"https:\/\/eldienteroto.org\/wp49\/un-crimen-misterioso\/\" target=\"_blank\" rel=\"noreferrer noopener\">crimen misterioso, Un<\/a><\/p>\n\n\n\n<p><a href=\"https:\/\/eldienteroto.org\/wp49\/arturo-croce\/\" target=\"_blank\" rel=\"noreferrer noopener\">Croce, Arturo<\/a><\/p>\n\n\n\n<p><a rel=\"noopener\" href=\"https:\/\/eldienteroto.org\/wp49\/cuando-quiero-llorar-no-lloro-2\/\" target=\"_blank\">Cuando quiero llorar no lloro<\/a><\/p>\n\n\n\n<p><a href=\"https:\/\/eldienteroto.org\/wp49\/cuarto-libro-de-los-entusiasmos\/\" target=\"_blank\" rel=\"noreferrer noopener\">Cuarto libro de los entusiasmos<\/a><\/p>\n\n\n\n<p><a href=\"https:\/\/eldienteroto.org\/wp49\/cubagua\/\">Cubagua<\/a><\/p>\n\n\n\n<p><a href=\"https:\/\/eldienteroto.org\/wp49\/cuentos-americanos-2\/\" target=\"_blank\" rel=\"noreferrer noopener\">Cuentos americanos<\/a><\/p>\n\n\n\n<p><a href=\"https:\/\/eldienteroto.org\/wp49\/cuentos-grotescos\/\" target=\"_blank\" rel=\"noopener\">Cuentos grotescos<\/a><\/p>\n\n\n\n<p><a href=\"https:\/\/eldienteroto.org\/wp49\/mene-cumboto\/\" target=\"_blank\" rel=\"noopener\">Cumboto<\/a><\/p>\n\n\n\n<p><a href=\"https:\/\/eldienteroto.org\/wp49\/curiel-elias-david\/\" target=\"_blank\" rel=\"noopener\">Curiel, El\u00edas David<\/a><\/p>\n","protected":false},"excerpt":{"rendered":"<p>Cabito, El Cabrera Malo, Rafael Cabrujas, Jos\u00e9 Ignacio caciques heroicos, Los Cadenas, Rafael Calca\u00f1o, Beatriz Calca\u00f1o, Eduardo Calca\u00f1o, Julio Calca\u00f1o, Mar\u00eda Caldera, H\u00e9ctor An\u00edbal Calder\u00f3n, Niddy Calletania Calzadilla, Juan Calzadilla, Pedro Camacho, Juan Vicente camino de El Dorado, El Campeones Campos, Miguel \u00c1ngel Canaima Candilejas Canta Pirulero Cantaclaro Cantos de la prisi\u00f3n y del destierro [&hellip;]<\/p>\n","protected":false},"author":6,"featured_media":0,"parent":0,"menu_order":0,"comment_status":"closed","ping_status":"closed","template":"","meta":{"_monsterinsights_skip_tracking":false,"_monsterinsights_sitenote_active":false,"_monsterinsights_sitenote_note":"","_monsterinsights_sitenote_category":0,"footnotes":""},"_links":{"self":[{"href":"https:\/\/eldienteroto.org\/wp49\/wp-json\/wp\/v2\/pages\/1616"}],"collection":[{"href":"https:\/\/eldienteroto.org\/wp49\/wp-json\/wp\/v2\/pages"}],"about":[{"href":"https:\/\/eldienteroto.org\/wp49\/wp-json\/wp\/v2\/types\/page"}],"author":[{"embeddable":true,"href":"https:\/\/eldienteroto.org\/wp49\/wp-json\/wp\/v2\/users\/6"}],"replies":[{"embeddable":true,"href":"https:\/\/eldienteroto.org\/wp49\/wp-json\/wp\/v2\/comments?post=1616"}],"version-history":[{"count":96,"href":"https:\/\/eldienteroto.org\/wp49\/wp-json\/wp\/v2\/pages\/1616\/revisions"}],"predecessor-version":[{"id":17805,"href":"https:\/\/eldienteroto.org\/wp49\/wp-json\/wp\/v2\/pages\/1616\/revisions\/17805"}],"wp:attachment":[{"href":"https:\/\/eldienteroto.org\/wp49\/wp-json\/wp\/v2\/media?parent=1616"}],"curies":[{"name":"wp","href":"https:\/\/api.w.org\/{rel}","templated":true}]}}