{"id":12786,"date":"2024-08-14T21:02:31","date_gmt":"2024-08-14T21:02:31","guid":{"rendered":"https:\/\/eldienteroto.org\/wp49\/?page_id=12786"},"modified":"2026-04-12T16:16:24","modified_gmt":"2026-04-12T20:46:24","slug":"2021-actual","status":"publish","type":"page","link":"https:\/\/eldienteroto.org\/wp49\/2021-actual\/","title":{"rendered":"2021-actual"},"content":{"rendered":"\n<h3 class=\"wp-block-heading\">2021<\/h3>\n\n\n\n<p><strong>Publicaciones<\/strong><\/p>\n\n\n\n<ul>\n<li>Benjam\u00edn Mart\u00ednez Hern\u00e1ndez: <a rel=\"noreferrer noopener\" href=\"https:\/\/eldienteroto.org\/wp49\/la-octava-hora\/\" target=\"_blank\"><em>La octava hora<\/em><\/a><\/li>\n\n\n\n<li>Flavia Pesci: <a rel=\"noreferrer noopener\" href=\"https:\/\/eldienteroto.org\/wp49\/trazos-en-fuga\/\" target=\"_blank\"><em>Trazos en fuga<\/em><\/a><\/li>\n\n\n\n<li>Jhon Rivera Str\u00e9del: <em>Canci\u00f3n del miedo<\/em><\/li>\n\n\n\n<li>Arnaldo Jim\u00e9nez: <a rel=\"noreferrer noopener\" href=\"https:\/\/eldienteroto.org\/wp49\/inventario-para-un-nuevo-altar-2\/\" target=\"_blank\"><em>Inventario para un nuevo altar<\/em><\/a><\/li>\n\n\n\n<li>Stephani Rodr\u00edguez: <em><a rel=\"noreferrer noopener\" href=\"https:\/\/eldienteroto.org\/wp49\/relieve-del-tiempo\/\" target=\"_blank\">El relieve del tiempo<\/a><\/em><\/li>\n\n\n\n<li>Norys Saavedra S\u00e1nchez: <em><a rel=\"noreferrer noopener\" href=\"https:\/\/eldienteroto.org\/wp49\/las-chicas-no-lloran\/\" target=\"_blank\">Las chicas no lloran<\/a><\/em><\/li>\n\n\n\n<li>Luis Gerardo M\u00e1rmol-Bosch: <em><a rel=\"noreferrer noopener\" href=\"https:\/\/eldienteroto.org\/wp49\/cuarto-libro-de-los-entusiasmos\/\" target=\"_blank\">Cuarto libro de los entusiasmos<\/a><\/em><\/li>\n\n\n\n<li>Sonia Chocr\u00f3n: <em><a rel=\"noreferrer noopener\" href=\"https:\/\/eldienteroto.org\/wp49\/usted\/\" target=\"_blank\">Usted<\/a><\/em><\/li>\n\n\n\n<li>Adhely Rivero: <em><a rel=\"noreferrer noopener\" href=\"https:\/\/eldienteroto.org\/wp49\/la-vida-entera\/\" target=\"_blank\">La vida entera<\/a><\/em><\/li>\n\n\n\n<li>Daniela Jaimes-Borges: <em><a rel=\"noreferrer noopener\" href=\"https:\/\/eldienteroto.org\/wp49\/poemas-de-una-nina\/\" target=\"_blank\">Poemas de una ni\u00f1a<\/a><\/em><\/li>\n\n\n\n<li>Roger Herrera: <em><a rel=\"noreferrer noopener\" href=\"https:\/\/eldienteroto.org\/wp49\/antologia-bruta\/\" target=\"_blank\">Antolog\u00eda bruta<\/a><\/em><\/li>\n\n\n\n<li>Nathaly Ponce Ulloa: <a href=\"https:\/\/eldienteroto.org\/wp49\/habitar-el-agua-mansa\/\">Habitar el agua mansa<\/a><\/li>\n\n\n\n<li>Jes\u00fas Puerta: <a rel=\"noreferrer noopener\" href=\"https:\/\/eldienteroto.org\/wp49\/el-zoologico-de-nietzsche\/\" target=\"_blank\"><em>El Zool\u00f3gico de Nietzsche<\/em><\/a><\/li>\n\n\n\n<li>V\u00edctor Pinto: <em><a href=\"https:\/\/eldienteroto.org\/wp49\/cruz-boca-abajo\/\" target=\"_blank\" rel=\"noreferrer noopener\">Cruz boca abajo<\/a><\/em><\/li>\n\n\n\n<li>Camilo Mor\u00f3n: <em><a rel=\"noreferrer noopener\" href=\"https:\/\/eldienteroto.org\/wp49\/ultimo-especie-cancion-bajo-luna-azul\/\" target=\"_blank\">El \u00faltimo de la especie y Canci\u00f3n bajo la luna azul<\/a><\/em><\/li>\n\n\n\n<li>N\u00e9stor Mendoza: <a href=\"https:\/\/eldienteroto.org\/wp49\/simulacro\/\" target=\"_blank\" rel=\"noreferrer noopener\"><em>Simulacro<\/em><\/a><\/li>\n\n\n\n<li>Gabriel Jim\u00e9nez Em\u00e1n: <a rel=\"noreferrer noopener\" href=\"https:\/\/eldienteroto.org\/wp49\/hominem-2100\/\" target=\"_blank\"><em>Hominem 2100<\/em><\/a>\/<em><a href=\"https:\/\/eldienteroto.org\/wp49\/historias-imposibles\/\" target=\"_blank\" rel=\"noreferrer noopener\">Historias imposibles<\/a><\/em><\/li>\n\n\n\n<li>Simonny Azul Urdaneta: <a href=\"https:\/\/eldienteroto.org\/wp49\/halo-y-otros-poemas\/\" target=\"_blank\" rel=\"noreferrer noopener\"><em>Halo y otros poemas<\/em><\/a><\/li>\n\n\n\n<li>Roger Herrera: <a href=\"https:\/\/eldienteroto.org\/wp49\/son-mondongo-son\/\" target=\"_blank\" rel=\"noreferrer noopener\"><em>Son mondongo son<\/em><\/a><\/li>\n\n\n\n<li>Enrique Hern\u00e1ndez D&#8217;Jes\u00fas: <em><a href=\"https:\/\/eldienteroto.org\/wp49\/espiga-plateada\/\" target=\"_blank\" rel=\"noreferrer noopener\">La espiga plateada<\/a><\/em><\/li>\n\n\n\n<li>Rubi Guerra: <a href=\"https:\/\/eldienteroto.org\/wp49\/calidas-ruinas\/\" target=\"_blank\" rel=\"noreferrer noopener\"><em>C\u00e1lidas ruinas<\/em><\/a><\/li>\n\n\n\n<li>Esmeralda Torres: <a href=\"https:\/\/eldienteroto.org\/wp49\/el-libro-de-los-tratados\/\" target=\"_blank\" rel=\"noreferrer noopener\"><em>El libro de los tratados<\/em><\/a><\/li>\n\n\n\n<li>Jos\u00e9 Carlos de N\u00f3bregas: <a href=\"https:\/\/eldienteroto.org\/wp49\/bitacoras-de-la-pandemia\/\" target=\"_blank\" rel=\"noreferrer noopener\"><em>Bit\u00e1coras de la pandemia<\/em><\/a><\/li>\n\n\n\n<li>Krina Ber: <a href=\"https:\/\/eldienteroto.org\/wp49\/ficciones-asesinas\/\" target=\"_blank\" rel=\"noreferrer noopener\"><em>Ficciones asesinas<\/em><\/a><\/li>\n\n\n\n<li>Igor Barreto: <em>La sombra del apostador<\/em><\/li>\n\n\n\n<li>Leonardo Alezones: <a href=\"https:\/\/eldienteroto.org\/wp49\/humus\/\" target=\"_blank\" rel=\"noreferrer noopener\"><em>Humus<\/em><\/a><\/li>\n\n\n\n<li>Laura Antillano: <a href=\"https:\/\/eldienteroto.org\/wp49\/hare-aire\/\" target=\"_blank\" rel=\"noreferrer noopener\">Me har\u00e9 de aire<\/a><\/li>\n\n\n\n<li>Sim\u00f3n Zambrano: <a href=\"https:\/\/eldienteroto.org\/wp49\/temblor-pajaros\/\" target=\"_blank\" rel=\"noreferrer noopener\"><em>Temblor de p\u00e1jaros<\/em><\/a><\/li>\n\n\n\n<li>Inti Clark: <a href=\"https:\/\/eldienteroto.org\/wp49\/manual-para-extranar\/\" target=\"_blank\" rel=\"noreferrer noopener\"><em>Manual para extra\u00f1ar<\/em><\/a><\/li>\n\n\n\n<li>H\u00e9ctor Espinoza: <a rel=\"noreferrer noopener\" href=\"https:\/\/eldienteroto.org\/wp49\/transiciones\/\" target=\"_blank\"><em>Transiciones<\/em><\/a><\/li>\n\n\n\n<li>Jos\u00e9 Negr\u00f3n Valera: <em><a rel=\"noreferrer noopener\" href=\"https:\/\/eldienteroto.org\/wp49\/el-libro-de-las-cicatrices\/\" target=\"_blank\">El libro de las cicatrices<\/a><\/em><\/li>\n\n\n\n<li>Elisabetta Balasso: <em><a rel=\"noreferrer noopener\" href=\"https:\/\/eldienteroto.org\/wp49\/la-fuerza-de-las-cosas\/\" target=\"_blank\">La fuerza de las cosas<\/a><\/em><\/li>\n\n\n\n<li>Jos\u00e9 Negr\u00f3n Valera: <a rel=\"noreferrer noopener\" href=\"https:\/\/eldienteroto.org\/wp49\/el-libro-de-las-cicatrices-2\/\" target=\"_blank\"><em>El libro de las cicatrices<\/em><\/a><\/li>\n<\/ul>\n\n\n\n<p><strong>Fallecimientos<\/strong><\/p>\n\n\n\n<ul>\n<li><a rel=\"noreferrer noopener\" href=\"https:\/\/eldienteroto.org\/wp49\/willy-mckey\/\" target=\"_blank\">Willy Mckey<\/a> (29 de abril)<\/li>\n\n\n\n<li><a rel=\"noreferrer noopener\" href=\"https:\/\/eldienteroto.org\/wp49\/ramon-gonzalez-paredes\/\" target=\"_blank\">Ram\u00f3n Gonz\u00e1lez Paredes<\/a> (18 de mayo)<\/li>\n\n\n\n<li><a href=\"https:\/\/eldienteroto.org\/wp49\/orlando-chirinos\/\" target=\"_blank\" rel=\"noreferrer noopener\">Orlando Chirinos<\/a> (13 de junio)<\/li>\n\n\n\n<li><a href=\"https:\/\/eldienteroto.org\/wp49\/guillermo-sucre\/\" target=\"_blank\" rel=\"noreferrer noopener\">Guillermo Sucre<\/a> (22 de julio)<\/li>\n\n\n\n<li><a rel=\"noreferrer noopener\" href=\"https:\/\/eldienteroto.org\/wp49\/miriam-mireles\/\" target=\"_blank\">Miriam Mireles<\/a> (22 de septiembre)<\/li>\n\n\n\n<li><a href=\"https:\/\/eldienteroto.org\/wp49\/salvador-tenreiro\/\" target=\"_blank\" rel=\"noreferrer noopener\">Salvador Tenreiro<\/a> (29 de septiembre)<\/li>\n\n\n\n<li><a rel=\"noreferrer noopener\" href=\"https:\/\/eldienteroto.org\/wp49\/guillermo-moron\/\" target=\"_blank\">Guillermo Moron<\/a> (19 de noviembre)<\/li>\n\n\n\n<li><a href=\"https:\/\/eldienteroto.org\/wp49\/lubio-cardozo\/\" target=\"_blank\" rel=\"noreferrer noopener\">Lubio Cardozo<\/a> (22 de noviembre)<\/li>\n<\/ul>\n\n\n\n<h3 class=\"wp-block-heading\">2022<\/h3>\n\n\n\n<p><strong>Publicaciones<\/strong><\/p>\n\n\n\n<ul>\n<li>Gustavo Fern\u00e1ndez: <a rel=\"noreferrer noopener\" href=\"https:\/\/eldienteroto.org\/wp49\/el-fin-de-los-tiempos-2\/\" target=\"_blank\"><em>El fin de los tiempos<\/em><\/a> <\/li>\n\n\n\n<li>Daniel Arella: <em>El Arc\u00e1ngel<\/em><\/li>\n\n\n\n<li>Gabriela Kizer: <em><a rel=\"noreferrer noopener\" href=\"https:\/\/eldienteroto.org\/wp49\/en-falso-seleccion\/\" target=\"_blank\">En falso<\/a><\/em><\/li>\n\n\n\n<li>Emilio Hern\u00e1ndez Gonz\u00e1lez: <em><a rel=\"noreferrer noopener\" href=\"https:\/\/eldienteroto.org\/wp49\/juegos-de-amar\/\" target=\"_blank\">Juegos de amar<\/a><\/em><\/li>\n\n\n\n<li>Pamela Rahn S\u00e1nchez: <em><a rel=\"noreferrer noopener\" href=\"https:\/\/eldienteroto.org\/wp49\/la-silla-vacia\/\" target=\"_blank\">La silla vac\u00eda<\/a><\/em><\/li>\n\n\n\n<li>Juan Calzadilla: <em><a rel=\"noreferrer noopener\" href=\"https:\/\/eldienteroto.org\/wp49\/diario-por-una-estatua\/\" target=\"_blank\">Diario por una estatua<\/a><\/em> (antolog\u00eda)<\/li>\n\n\n\n<li>Carolina \u00c1lvarez Arocha: <em><a href=\"https:\/\/eldienteroto.org\/wp49\/algunos-delitos-minimos\/\">Algunos <\/a><a rel=\"noreferrer noopener\" href=\"https:\/\/eldienteroto.org\/wp49\/algunos-delitos-minimos\/\" target=\"_blank\">delitos m\u00ednimos<\/a><\/em><\/li>\n\n\n\n<li>Luis Barrera Linares: <em><a rel=\"noreferrer noopener\" href=\"https:\/\/eldienteroto.org\/wp49\/desacralizacion-y-parodia\/\" target=\"_blank\">Desacralizaci\u00f3n y parodia<\/a><\/em><\/li>\n\n\n\n<li>N\u00e9stor Mendoza: <em><a rel=\"noreferrer noopener\" href=\"https:\/\/eldienteroto.org\/wp49\/alfabeto-de-humo\/\" target=\"_blank\">Alfabeto de humo<\/a><\/em><\/li>\n\n\n\n<li>Yoyiana Ahumada Licea: <em><a rel=\"noreferrer noopener\" href=\"https:\/\/eldienteroto.org\/wp49\/ojos-quebrados\/\" target=\"_blank\">Ojos quebrados<\/a><\/em><\/li>\n\n\n\n<li>Kaira G\u00e1mez: <a rel=\"noreferrer noopener\" href=\"https:\/\/eldienteroto.org\/wp49\/lo-demas-es-voz\/\" target=\"_blank\"><em>Lo dem\u00e1s es voz<\/em><\/a><\/li>\n\n\n\n<li>Mar\u00eda Dayana Fraile: <em>Medusa decapitada<\/em><\/li>\n\n\n\n<li>Francisco Ardiles: <a href=\"https:\/\/eldienteroto.org\/wp49\/objetos-perdidos\/\" target=\"_blank\" rel=\"noreferrer noopener\"><em>Objetos perdidos<\/em><\/a><\/li>\n\n\n\n<li>David Sequera: <a href=\"https:\/\/eldienteroto.org\/wp49\/candilejas\/\" target=\"_blank\" rel=\"noreferrer noopener\"><em>Candilejas<\/em><\/a><\/li>\n\n\n\n<li>Rafael Victorino Mu\u00f1oz:&nbsp;<a href=\"https:\/\/eldienteroto.org\/wp49\/antologia-en-blanco\/\" target=\"_blank\" rel=\"noreferrer noopener\"><em>Antolog\u00eda en blanco<\/em><\/a><\/li>\n\n\n\n<li>Mar\u00eda Elvira Gonz\u00e1lez: <a href=\"https:\/\/eldienteroto.org\/wp49\/voces-de-fondo\/\" target=\"_blank\" rel=\"noreferrer noopener\"><em>Voces de fondo<\/em><\/a><\/li>\n\n\n\n<li>Elo\u00edsa Soto: <a href=\"https:\/\/eldienteroto.org\/wp49\/caballo-final\/\" target=\"_blank\" rel=\"noreferrer noopener\"><em>Caballo final<\/em><\/a><\/li>\n<\/ul>\n\n\n\n<p><strong>Fallecimientos<\/strong><\/p>\n\n\n\n<ul>\n<li><a href=\"https:\/\/eldienteroto.org\/wp49\/cesar-panza-entre-los-comunes\/\" target=\"_blank\" rel=\"noreferrer noopener\">C\u00e9sar Panza<\/a><\/li>\n<\/ul>\n\n\n\n<h3 class=\"wp-block-heading\">2023<\/h3>\n\n\n\n<p><strong>Publicaciones<\/strong><\/p>\n\n\n\n<ul>\n<li>Jos\u00e9 Manuel L\u00f3pez D\u00b4Jes\u00fas: <a rel=\"noreferrer noopener\" href=\"https:\/\/eldienteroto.org\/wp49\/diario-de-una-huella\/\" target=\"_blank\"><em>Diario de una huella<\/em><\/a><\/li>\n\n\n\n<li>Michela La Galla: <a rel=\"noreferrer noopener\" href=\"https:\/\/eldienteroto.org\/wp49\/despojo\/\" target=\"_blank\"><em>Despojo<\/em><\/a><\/li>\n\n\n\n<li>Jos\u00e9 Javier S\u00e1nchez: <em><a rel=\"noreferrer noopener\" href=\"https:\/\/eldienteroto.org\/wp49\/de-ser-lenguaje-para-no-ser-olvido\/\" target=\"_blank\">De ser lenguaje para no ser olvido<\/a><\/em><\/li>\n\n\n\n<li>Jhon Gallardo: <em><a rel=\"noreferrer noopener\" href=\"https:\/\/eldienteroto.org\/wp49\/palabra-mestiza\/\" target=\"_blank\">Palabra mestiza<\/a><\/em><\/li>\n\n\n\n<li>Christiane Dimitriades: <em><a rel=\"noreferrer noopener\" href=\"https:\/\/eldienteroto.org\/wp49\/verdad-dice-quien-sombra-dice\/\" target=\"_blank\">Verdad dice quien sombra dice<\/a><\/em><\/li>\n\n\n\n<li>Alberto Hern\u00e1ndez: <em><a rel=\"noreferrer noopener\" href=\"https:\/\/eldienteroto.org\/wp49\/exodo\/\" target=\"_blank\">\u00c9xodo<\/a><\/em><\/li>\n\n\n\n<li>Osm\u00e1n Aranguibel: <a rel=\"noreferrer noopener\" href=\"https:\/\/eldienteroto.org\/wp49\/tan-fuera-de-este-mundo\/\" target=\"_blank\"><em>Tan fuera de este mundo<\/em><\/a><\/li>\n\n\n\n<li>Joel Gilberto Rojas Carrillo: <em><a rel=\"noreferrer noopener\" href=\"https:\/\/eldienteroto.org\/wp49\/montes-y-culebras\/\" target=\"_blank\">Montes y culebras<\/a><\/em><\/li>\n\n\n\n<li>Samuel Gonz\u00e1lez Seijas: <em><a rel=\"noreferrer noopener\" href=\"https:\/\/eldienteroto.org\/wp49\/colores-planos\/\" target=\"_blank\">Colores planos<\/a><\/em><\/li>\n\n\n\n<li>L\u00e1zaro \u00c1lvarez: <a rel=\"noreferrer noopener\" href=\"https:\/\/eldienteroto.org\/wp49\/errancias\/\" target=\"_blank\"><em>Errancias<\/em><\/a><\/li>\n\n\n\n<li>Luis Manuel Pimentel: <a href=\"https:\/\/eldienteroto.org\/wp49\/falla-de-borde\/\" target=\"_blank\" rel=\"noreferrer noopener\"><em>Falla de borde<\/em><\/a><\/li>\n\n\n\n<li>Alfredo Chac\u00f3n: <a href=\"https:\/\/eldienteroto.org\/wp49\/salomario\/\" target=\"_blank\" rel=\"noreferrer noopener\"><em>Salomario<\/em><\/a><\/li>\n\n\n\n<li>Ricardo Jes\u00fas Mej\u00edas Hern\u00e1ndez: <a href=\"https:\/\/eldienteroto.org\/wp49\/belleza-llamas\/\" target=\"_blank\" rel=\"noreferrer noopener\"><em>La belleza de las llamas<\/em><\/a><\/li>\n\n\n\n<li>Jos\u00e9 Alfredo Sabatino: <em><a href=\"https:\/\/eldienteroto.org\/wp49\/visiones-del-viejo-puerto\/\">Visiones del viejo puerto<\/a><\/em><\/li>\n\n\n\n<li>N\u00e9stor Mendoza: <a href=\"https:\/\/eldienteroto.org\/wp49\/paciencia-mineral\/\" target=\"_blank\" rel=\"noreferrer noopener\"><em>Paciencia mineral<\/em><\/a><\/li>\n\n\n\n<li>Duglas Moreno, Sarita Medina, H\u00e9ctor Alonso: <a rel=\"noreferrer noopener\" href=\"https:\/\/eldienteroto.org\/wp49\/fina-estampa-literaria\/\" target=\"_blank\"><em>Fina estampa literaria<\/em><\/a><\/li>\n\n\n\n<li>Dougla Boh\u00f3rquez: <a href=\"https:\/\/eldienteroto.org\/wp49\/vastedad-encendida\/\"><em>La vastedad encendida<\/em><\/a><\/li>\n\n\n\n<li>Wilfredo Machado: <em><a href=\"https:\/\/eldienteroto.org\/wp49\/pez-suenos\/\" target=\"_blank\" rel=\"noreferrer noopener\">El pez de los sue\u00f1os<\/a><\/em><\/li>\n<\/ul>\n\n\n\n<p><strong>Fallecimientos<\/strong><\/p>\n\n\n\n<ul>\n<li><a href=\"https:\/\/eldienteroto.org\/wp49\/victoria-de-stefano\/\" target=\"_blank\" rel=\"noreferrer noopener\">Victoria De Stefano<\/a> (06 de enero)<\/li>\n\n\n\n<li><a href=\"https:\/\/eldienteroto.org\/wp49\/milagros-mata-gil-por-si-misma\/\" target=\"_blank\" rel=\"noreferrer noopener\">Milagros Mata Gil<\/a> (07 de Julio)<\/li>\n\n\n\n<li><a href=\"https:\/\/eldienteroto.org\/wp49\/reynaldo-perez-so\/\" target=\"_blank\" rel=\"noreferrer noopener\">Reynaldo P\u00e9rez S\u00f3<\/a> (30 de julio)<\/li>\n\n\n\n<li><a href=\"https:\/\/eldienteroto.org\/wp49\/jose-carlos-de-nobrega\/\" target=\"_blank\" rel=\"noreferrer noopener\">Jos\u00e9 Carlos de N\u00f3brega<\/a> (03 de octubre)<\/li>\n\n\n\n<li><a rel=\"noreferrer noopener\" href=\"https:\/\/eldienteroto.org\/wp49\/ibrahim-guerra\/\" target=\"_blank\">Ibrahim Guerra<\/a> (20 de noviembre)<\/li>\n\n\n\n<li><a rel=\"noreferrer noopener\" href=\"https:\/\/eldienteroto.org\/wp49\/cesar-chirinos\/\" target=\"_blank\">C\u00e9sar Chirinos<\/a> (04 de diciembre)<\/li>\n<\/ul>\n\n\n\n<h4 class=\"wp-block-heading\">2024<\/h4>\n\n\n\n<p><strong>Publicaciones<\/strong><\/p>\n\n\n\n<ul>\n<li>Arnaldo Jim\u00e9nez: <a rel=\"noreferrer noopener\" href=\"https:\/\/eldienteroto.org\/wp49\/barrio-el-mireteo\/\" target=\"_blank\"><em>Barrio El Mireteo<\/em><\/a>, <em><a rel=\"noreferrer noopener\" href=\"https:\/\/eldienteroto.org\/wp49\/ysabel-el-silencio-del-agua\/\" target=\"_blank\">Ysabel. El silencio del agua<\/a><\/em><\/li>\n\n\n\n<li>Hugo S\u00e1nchez Carrasquero: <em><a rel=\"noreferrer noopener\" href=\"https:\/\/eldienteroto.org\/wp49\/agua-desnuda\/\" target=\"_blank\">Agua desnuda<\/a><\/em><\/li>\n\n\n\n<li>Juan Carlos M\u00e9ndez Gu\u00e9dez: <em>Roman de la isla Bararida<\/em><\/li>\n\n\n\n<li>Jos\u00e9 Napole\u00f3n Oropeza: <em><a href=\"https:\/\/eldienteroto.org\/wp49\/la-lluvia-inconclusa\/\" target=\"_blank\" rel=\"noreferrer noopener\">La lluvia inconclusa<\/a><\/em><\/li>\n\n\n\n<li>Lydda Franco-Far\u00edas: <em><a rel=\"noreferrer noopener\" href=\"https:\/\/eldienteroto.org\/wp49\/aracne-2\/\" target=\"_blank\">Aracn\u00e9<\/a><\/em><\/li>\n\n\n\n<li>Simonny Azul Urdaneta: <em><a rel=\"noreferrer noopener\" href=\"https:\/\/eldienteroto.org\/wp49\/boca-de-aroa-seleccion\/\" target=\"_blank\">Boca de Aroa<\/a><\/em><\/li>\n\n\n\n<li>Golcar Rojas: <em><a rel=\"noreferrer noopener\" href=\"https:\/\/eldienteroto.org\/wp49\/hojas-caducas\/\" target=\"_blank\">Hojas caducas<\/a><\/em><\/li>\n\n\n\n<li>Esmeralda Torres: <em><a href=\"https:\/\/eldienteroto.org\/wp49\/mudar-la-casa\/\" target=\"_blank\" rel=\"noreferrer noopener\">Mudar la casa<\/a><\/em><\/li>\n\n\n\n<li>Alberto Barrera Tyszka: <em><a rel=\"noreferrer noopener\" href=\"https:\/\/eldienteroto.org\/wp49\/el-fin-de-la-tristeza\/\" target=\"_blank\">El fin de la tristeza<\/a><\/em><\/li>\n<\/ul>\n\n\n\n<p><strong>Fallecimientos<\/strong><\/p>\n\n\n\n<ul>\n<li><a href=\"https:\/\/eldienteroto.org\/wp49\/judit-gerendas\/\" target=\"_blank\" rel=\"noreferrer noopener\">Judit Gerendas<\/a> (09 de enero)<\/li>\n\n\n\n<li><a href=\"https:\/\/eldienteroto.org\/wp49\/jose-napoleon-oropeza\/\" target=\"_blank\" rel=\"noreferrer noopener\">Jos\u00e9 Napole\u00f3n Oropeza<\/a> (17 de marzo)<\/li>\n\n\n\n<li>Luis Beltr\u00e1n Mago (20 de marzo)<\/li>\n\n\n\n<li><a href=\"https:\/\/eldienteroto.org\/wp49\/mariela-romero\/\" target=\"_blank\" rel=\"noreferrer noopener\">Mariela Romero<\/a> (17 de abril)<\/li>\n\n\n\n<li>Rub\u00e9n Monasterios (12 de mayo)<\/li>\n\n\n\n<li><a href=\"https:\/\/eldienteroto.org\/wp49\/angel-malave\/\" target=\"_blank\" rel=\"noreferrer noopener\">\u00c1ngel Malav\u00e9<\/a> (08 de junio)<\/li>\n\n\n\n<li><a rel=\"noreferrer noopener\" href=\"https:\/\/eldienteroto.org\/wp49\/antonieta-madrid\/\" target=\"_blank\">Antonieta Madrid<\/a> (23 de junio)<\/li>\n\n\n\n<li><a href=\"https:\/\/eldienteroto.org\/wp49\/ibsen-martinez\/\" target=\"_blank\" rel=\"noreferrer noopener\">Ibsen Mart\u00ednez<\/a> (11 de septiembre)<\/li>\n\n\n\n<li><a rel=\"noreferrer noopener\" href=\"https:\/\/eldienteroto.org\/wp49\/eduardo-gasca\/\" target=\"_blank\">Eduardo Gasca<\/a> (14 de noviembre)<\/li>\n\n\n\n<li><a rel=\"noreferrer noopener\" href=\"https:\/\/eldienteroto.org\/wp49\/elisa-lerner\/\" target=\"_blank\">Elisa Lerner<\/a> (24 de noviembre)<\/li>\n\n\n\n<li><a href=\"https:\/\/eldienteroto.org\/wp49\/julio-rafael-silva\/\" target=\"_blank\" rel=\"noreferrer noopener\">Julio Rafael Silva<\/a> (10 de diciembre)<\/li>\n\n\n\n<li><a rel=\"noreferrer noopener\" href=\"https:\/\/eldienteroto.org\/wp49\/violeta-rojo\/\" target=\"_blank\">Violeta Rojo<\/a> (12 de diciembre)<\/li>\n\n\n\n<li><a rel=\"noreferrer noopener\" href=\"https:\/\/eldienteroto.org\/wp49\/krina-ber\/\" target=\"_blank\">Krina Ber<\/a> (17 de diciembre)<\/li>\n\n\n\n<li><a rel=\"noreferrer noopener\" href=\"https:\/\/eldienteroto.org\/wp49\/jose-gregorio-bello-porras\/\" target=\"_blank\">Jos\u00e9 Gregorio Bello Porras<\/a> (31 de diciembre)<\/li>\n<\/ul>\n\n\n\n<h4 class=\"wp-block-heading\">2025<\/h4>\n\n\n\n<p><strong>Publicaciones<\/strong><\/p>\n\n\n\n<ul>\n<li>Arnaldo Jim\u00e9nez: <em>Luz amontonada<\/em><\/li>\n\n\n\n<li>Rafael Victorino Mu\u00f1oz: <em><a rel=\"noreferrer noopener\" href=\"https:\/\/eldienteroto.org\/wp49\/historias-de-una-pagina\/\" target=\"_blank\">Historias de una p\u00e1gina<\/a><\/em><\/li>\n\n\n\n<li>Rafael Victorino Mu\u00f1oz: <em><a href=\"https:\/\/eldienteroto.org\/wp49\/requiem-por-norma-jeane\/\">R\u00e9quiem por Norma <\/a><a href=\"https:\/\/eldienteroto.org\/wp49\/requiem-por-norma-jeane\/\" target=\"_blank\" rel=\"noreferrer noopener\">Jeane<\/a><\/em><\/li>\n<\/ul>\n\n\n\n<p><strong>Fallecimientos<\/strong><\/p>\n\n\n\n<ul>\n<li><a href=\"https:\/\/eldienteroto.org\/wp49\/alfredo-coronil-hartmann\/\" target=\"_blank\" rel=\"noreferrer noopener\">Alfredo Coronil Hartmann<\/a> (27 de enero)<\/li>\n\n\n\n<li><a rel=\"noreferrer noopener\" href=\"https:\/\/eldienteroto.org\/wp49\/patricia-guzman\/\" target=\"_blank\">Patricia Guzm\u00e1n<\/a> (04 de febrero)<\/li>\n\n\n\n<li><a rel=\"noreferrer noopener\" href=\"https:\/\/eldienteroto.org\/wp49\/jesus-alberto-leon\/\" target=\"_blank\">Jes\u00fas Alberto Le\u00f3n<\/a> (03 de mayo)<\/li>\n\n\n\n<li><a rel=\"noreferrer noopener\" href=\"https:\/\/eldienteroto.org\/wp49\/eduardo-liendo\/\" target=\"_blank\">Eduardo Liendo<\/a> (03 de julio)<\/li>\n<\/ul>\n\n\n\n<h4 class=\"wp-block-heading\">2026<\/h4>\n\n\n\n<p><strong>Fallecimientos<\/strong><\/p>\n\n\n\n<ul>\n<li><a href=\"https:\/\/eldienteroto.org\/wp49\/leonardo-azparren\/\" target=\"_blank\" rel=\"noreferrer noopener\">Leonardo Azparren<\/a> (11 de enero)<\/li>\n<\/ul>\n","protected":false},"excerpt":{"rendered":"<p>2021 Publicaciones Fallecimientos 2022 Publicaciones Fallecimientos 2023 Publicaciones Fallecimientos 2024 Publicaciones Fallecimientos 2025 Publicaciones Fallecimientos 2026 Fallecimientos<\/p>\n","protected":false},"author":6,"featured_media":0,"parent":0,"menu_order":0,"comment_status":"closed","ping_status":"closed","template":"","meta":{"_monsterinsights_skip_tracking":false,"_monsterinsights_sitenote_active":false,"_monsterinsights_sitenote_note":"","_monsterinsights_sitenote_category":0,"footnotes":""},"_links":{"self":[{"href":"https:\/\/eldienteroto.org\/wp49\/wp-json\/wp\/v2\/pages\/12786"}],"collection":[{"href":"https:\/\/eldienteroto.org\/wp49\/wp-json\/wp\/v2\/pages"}],"about":[{"href":"https:\/\/eldienteroto.org\/wp49\/wp-json\/wp\/v2\/types\/page"}],"author":[{"embeddable":true,"href":"https:\/\/eldienteroto.org\/wp49\/wp-json\/wp\/v2\/users\/6"}],"replies":[{"embeddable":true,"href":"https:\/\/eldienteroto.org\/wp49\/wp-json\/wp\/v2\/comments?post=12786"}],"version-history":[{"count":64,"href":"https:\/\/eldienteroto.org\/wp49\/wp-json\/wp\/v2\/pages\/12786\/revisions"}],"predecessor-version":[{"id":18505,"href":"https:\/\/eldienteroto.org\/wp49\/wp-json\/wp\/v2\/pages\/12786\/revisions\/18505"}],"wp:attachment":[{"href":"https:\/\/eldienteroto.org\/wp49\/wp-json\/wp\/v2\/media?parent=12786"}],"curies":[{"name":"wp","href":"https:\/\/api.w.org\/{rel}","templated":true}]}}